 55*s + 252. What is n(-59)?
16
Let b(q) = 2*q - 6. Determine b(5).
4
Let q(o) = o**3 + 4*o**2 - 7*o + 18. Give q(-5).
28
Let r(c) = -c**3 + 4*c**2 + 3*c + 6. Calculate r(5).
-4
Let r(c) = c**2 - 58*c - 925. Calculate r(-13).
-2
Let v(g) = -g**2 - 15*g - 31. Calculate v(-3).
5
Let i(l) = -6*l**2 - 5*l - 8. What is i(-2)?
-22
Let a(z) = z**2 + 4*z + 5. Determine a(-3).
2
Let v(j) = 10*j**2 + 4*j + 2. What is v(-2)?
34
Let p(g) = -g**2 - 5*g + 1. What is p(-6)?
-5
Let a(o) = o**3 - 2*o**2 + 4*o - 3. What is a(3)?
18
Let o(y) = -7*y**3 + y**2 + y. Determine o(-1).
7
Let y(h) = -h**3 - 6*h**2 - 6*h - 23. Determine y(-6).
13
Let o(y) = y + 6. What is o(-4)?
2
Let f(h) = h - 4. Give f(3).
-1
Let y(q) = q**2 - 8*q - 15. Calculate y(8).
-15
Let l(m) = -m**3 + 2*m**2 + 6*m - 3. Determine l(4).
-11
Let c(u) = -2*u**2 + u + 68. Determine c(-6).
-10
Let a(m) = 3*m**2 + 2. Calculate a(1).
5
Let y(a) = 21*a + 22. What is y(-6)?
-104
Let s(y) = -y**3 - y**2 + y. Calculate s(3).
-33
Let s(d) = 7*d - 22. Give s(3).
-1
Let g(a) = a**3 - 3*a**2 - 2*a + 6. Determine g(5).
46
Let b(v) = v - 5. Give b(3).
-2
Let v(u) = -3*u**3 - 63*u**2 - 64*u - 74. Determine v(-20).
6
Let q(o) = -2*o**2 - o + 9. Determine q(-3).
-6
Let c(h) = -2*h**2 + 14*h - 27. Give c(11).
-115
Let z(n) = 9*n**2 + 2. Calculate z(1).
11
Let a(y) = -13*y - 141. Determine a(-11).
2
Let v(k) = -10*k - 19. What is v(-4)?
21
Let k(x) = -77*x - 20. Give k(-2).
134
Let h(i) = i**3 - 17*i**2 + 67*i - 2. Calculate h(11).
9
Let n(d) = 6*d - 1. What is n(2)?
11
Let c(g) = -37*g - 560. Give c(-15).
-5
Let l(k) = 3*k**3 - k**2 + 1. Give l(1).
3
Let f(m) = -m**2 + 42*m + 294. Determine f(-6).
6
Let d(a) = -a**3 - 8*a**2 + 2*a + 12. Determine d(-8).
-4
Let f(u) = u**3 - 2*u**2 - 12*u + 10. Calculate f(4).
-6
Let i(d) = 2*d**2 + 9*d - 20. Calculate i(-6).
-2
Let j(c) = c**2 + 5*c. Determine j(-6).
6
Let g(d) = -5*d. Calculate g(4).
-20
Let d(j) = j**3 + 5*j**2 + 4*j + 22. What is d(-5)?
2
Let s(u) = u**2 - 7. What is s(-5)?
18
Let c(k) = k**3 - 29*k**2 - 30*k - 8. Calculate c(30).
-8
Let h(k) = k**3 - 6*k**2 - 3*k + 12. What is h(6)?
-6
Let t(p) = -7*p - 340. Determine t(-48).
-4
Let t(x) = -x**2 - 5*x + 261. Calculate t(-19).
-5
Let g(p) = -3*p**2 + 3. Give g(0).
3
Let b(j) = -j**2 - 3*j + 4. Give b(-5).
-6
Let b(g) = g**2 - 22*g + 95. What is b(6)?
-1
Let i(f) = f**2 - 17*f + 66. Give i(6).
0
Let h(s) = -s**3 + 5*s**2 + 5*s - 5. Give h(5).
20
Let r(v) = 3*v**2 - 2*v - 36. Determine r(-3).
-3
Let c(y) = 3*y - 4. What is c(0)?
-4
Let z(h) = 12*h + 1. What is z(2)?
25
Let i(z) = z + 7. Determine i(-3).
4
Let v(f) = f - 25. Calculate v(0).
-25
Let c(b) = b**3 + 63*b**2 - 130*b - 6. What is c(-65)?
-6
Let o(z) = z**2 - 9*z + 14. What is o(6)?
-4
Let w(o) = -2*o**3 + 35*o**2 + 17*o + 21. Calculate w(18).
3
Let t(g) = 23*g + 92. Calculate t(-4).
0
Let n(j) = j**3 + 6*j**2 - 9*j - 6. What is n(-7)?
8
Let w(g) = 5*g - 58. Give w(11).
-3
Let r(h) = 6*h + 5. Calculate r(-2).
-7
Let c(f) = f**3 - 14*f**2 + 13*f + 16. What is c(13)?
16
Let x(r) = -r**3 - 6*r**2 - 2*r + 3. Determine x(-4).
-21
Let k(u) = -5*u - 41. Give k(7).
-76
Let w(z) = -z**3 - 9*z**2 - 11*z - 3. What is w(-8)?
21
Let q(c) = c - 16. Give q(8).
-8
Let x(h) = -69*h - 410. Calculate x(-6).
4
Let c(w) = -w**2 - 12*w - 11. Calculate c(-14).
-39
Let k(h) = -2*h + 5. Determine k(-4).
13
Let f(q) = -2*q**2 + 6*q + 41. Calculate f(6).
5
Let l(v) = -38*v - 8. Give l(-2).
68
Let r(g) = -g - 8. Give r(10).
-18
Let h(n) = n**3 + 12*n**2 + 10*n - 14. Give h(-11).
-3
Let v(s) = 4*s - 44. Calculate v(13).
8
Let r(d) = d - 13. Give r(19).
6
Let v(g) = g**2 + 13*g - 37. What is v(-15)?
-7
Let c(l) = -l**3 + 14*l**2 + 2*l - 19. What is c(14)?
9
Let g(p) = p**3 - 7*p**2 - 9*p + 5. Determine g(9).
86
Let m(p) = p**2 + 11*p + 4. Give m(-7).
-24
Let t(o) = -10*o + 47. What is t(5)?
-3
Let d(s) = -s**2 - 2*s + 12. What is d(7)?
-51
Let s(w) = w**3 + 2*w - 7. What is s(4)?
65
Let j(v) = -v**3 - 11*v**2 + 8*v - 44. What is j(-12)?
4
Let m(y) = y**3 - 8*y**2 - 8*y - 10. What is m(9)?
-1
Let l(t) = 27*t + 1. Give l(-1).
-26
Let a(x) = -67*x. What is a(1)?
-67
Let p(v) = -v**3 - 20*v**2 - 32*v + 23. Give p(-18).
-49
Let c(b) = b**2 + 13*b - 54. What is c(-16)?
-6
Let m(y) = -y**3 + 2*y**2 + 4*y - 4. Determine m(-2).
4
Let h(w) = 10*w - 42. Calculate h(6).
18
Let g(q) = -q**2 + 2*q + 2. What is g(3)?
-1
Let h(s) = 14*s + 106. Calculate h(-7).
8
Let o(n) = 2*n + 10. Give o(-13).
-16
Let g(k) = -16*k - 58. Calculate g(-5).
22
Let m(w) = w**3 - 5*w**2 - 2*w + 3. Determine m(5).
-7
Let d(o) = o**3 + 16*o**2 + 26*o - 34. What is d(-14)?
-6
Let i(d) = -d - 15. Calculate i(9).
-24
Let s(k) = k**2 - 22*k + 39. What is s(23)?
62
Let k(s) = 2*s**2 + 35*s - 23. Determine k(-17).
-40
Let i(b) = -b + 1. Calculate i(-10).
11
Let v(o) = -19*o - 4. What is v(3)?
-61
Let w(g) = -3*g**2 - 2*g + 3. Determine w(2).
-13
Let h(x) = 12*x + 1. What is h(1)?
13
Let d(g) = -g**3 + 9*g**2 - g - 1. Determine d(9).
-10
Let w(o) = o + 35. Calculate w(0).
35
Let m(z) = z**3 - 5*z**2 - 4*z - 8. Give m(6).
4
Let i(s) = 13*s + 225. Calculate i(-17).
4
Let o(l) = -l**2 + 7*l + 13. Determine o(6).
19
Let o(j) = j**3 + 15*j**2 - 3. Determine o(-15).
-3
Let s(b) = -3*b**3 - 8*b**2 - 12*b - 22. What is s(-2)?
-6
Let r(p) = -42*p - 107. Calculate r(-3).
19
Let a(i) = i**2 - 13*i - 41. Give a(-3).
7
Let i(j) = -15*j + 8. Give i(1).
-7
Let q(o) = 2*o**2 + 5*o + 2. Give q(-3).
5
Let c(y) = y**3 - 7*y**2 + 7*y - 12. Determine c(7).
37
Let a(x) = -x**3 - 16*x**2 - 9. Calculate a(-16).
-9
Let x(h) = 5*h + 80. Determine x(-14).
10
Let h(d) = -d + 18. Determine h(13).
5
Let b(m) = -m**3 + 12*m**2 + 6*m - 74. Give b(12).
-2
Let s(c) = 20*c - 1. Determine s(1).
19
Let b(d) = 2*d**3 - 43*d + 42. Give b(4).
-2
Let n(b) = b**3 + 19*b**2 + 2*b + 42. What is n(-19)?
4
Let s(b) = -4*b. Calculate s(0).
0
Let i(l) = -l**2 - 12*l - 20. Give i(-9).
7
Let g(i) = i**2 + 9*i - 111. Determine g(7).
1
Let g(s) = -s - 1. Calculate g(3).
-4
Let x(s) = s - 7. Calculate x(11).
4
Let c(z) = z**2 - 7*z + 13. Give c(4).
1
Let c(o) = o**3 + 2*o**2 - 4*o + 1. What is c(-3)?
4
Let t(o) = -5*o - 16. Calculate t(-4).
4
Let w(l) = l**3 - 4*l - 5. What is w(-1)?
-2
Let c(a) = 3*a**2 + 9*a + 7. Calculate c(-3).
7
Let t(r) = -r**3 - 7*r**2 - 3. What is t(-3)?
-39
Let c(k) = k**2 + 6*k - 19. Give c(-8).
-3
Let h(b) = 2*b - 1. What is h(4)?
7
Let g(u) = u**2 + 13*u + 13. Give g(-11).
-9
Let p(j) = -j**3 - 16*j**2 - 45*j + 21. Give p(-12).
-15
Let y(h) = -h**2 - 2*h + 6. Give y(-8).
-42
Let x(h) = -2*h - 31. What is x(-9)?
-13
Let x(p) = -p**2 - 28*p - 144. What is x(-8)?
16
Let r(v) = -v**2 + 16. What is r(0)?
16
Let f(i) = i**3 - 5*i**2 + 3*i - 6. Give f(5).
9
Let b(r) = r. Give b(9).
9
Let i(o) = -2*o**3 + 3*o**2 + o. Determine i(3).
-24
Let c(w) = w**3 - 5*w**2 - w + 3. Give c(5).
-2
Let v(u) = -9*u - 321. Determine v(-35).
-6
Let h(b) = 3*b**2 + 2*b + 1. What is h(2)?
17
Let t(m) = -m**3 - 22*m**2 - 26*m - 95. What is t(-21)?
10
Let i(v) = 2*v**2 + 26*v - 9. Determine i(-13).
-9
Let t(g) = -g**3 + 8*g**2 - 7*g - 2. Calculate t(7).
-2
Let f(m) = -m + 23. Calculate f(0).
23
Let n(y) = -y + 22. Determine n(0).
22
Let x(w) = 9*w - 33. Calculate x(4).
3
Let j(l) = l**2 + 9*l + 25. Determine j(-3).
7
Let t(u) = u + 17. Determine t(-15).
2
Let q(d) = 5*d + 121. Calculate q(-26).
-9
Let x(f) = -f**2 + 17*f - 71. What is x(7)?
-1
Let m(x) = -20*x**3 - 5*x + 4. Determine m(1).
-21
Let t(w) = -5*w**3 - 2*w**2 + 2*w. Give t(2).
-44
Let h(m) = -m**3 + 21*m**2 - 2*m + 20. What is h(21)?
-22
Let i(c) = -12*c - 245. What is i(-20)?
-5
Let i(j) = -j**3 + 22*j**2 + 74*j + 8. Give i(25).
-17
Let h(z) = -z**2 - 10*z - 9. Determine h(-2).
7
Let r(x) = 6*x + 5. Calculate r(-8).
-43
Let q(m) = 2*m + 2. Calculate q(2).
6
Let y(d) = 46*d - 23. Give y(4).
161
Let x(v) = v**3 - 11*v**2 + 8. Determine x(11).
8
Let u(l) = 2*l + 13. Give u(-5).
3
Let v(d) = d**3 - 39*d**2 - 80*d - 84. Determine v(41).
-2
Let s(q) = 24*q - 136. Determine s(6).
8
Let c(j) = j**2 - 4*j - 1. Determine c(4).
-1
Let l(h) = h**3 + 11*h**2 - 4*h - 10. Determine l(-11).
34
Let l(q) = 2*q**2 + 4*q + 1. Determine l(-5).
31
Let t(p) = -3*p + 35. Determine t(8).
11
Let l(q) = -3*q - 7. Give l(7).
-28
Let d(j) = j*